What is the highest common divisor of 320 and g?
10
Let j = 145 + -97. Suppose 3*w + 480 = 7*w. Calculate the greatest common divisor of w and j.
24
Suppose l + 0*l = -3*f + 18, 2*l - 39 = -3*f. Let s(w) = -w**2 + 23*w - 40. Let n be s(l). What is the greatest common factor of 8 and n?
2
Suppose -44*d = -34*d - 2250. Calculate the greatest common factor of d and 25.
25
Let u = -101 - -173. What is the highest common factor of 88 and u?
8
Suppose -10 = 2*l, -4*d + 23*l + 42 = 21*l. What is the greatest common factor of d and 132?
4
Suppose 3*j + 10 = m, 5*m + 4*j = m + 40. Let s = 67 - 27. What is the highest common divisor of m and s?
10
Let g be 56 - -1 - (8 + -8 + 1). Calculate the greatest common divisor of g and 140.
28
Let x = -11 + 10. Let o(j) = 40*j**2 - j - 1. Let u be o(x). Let t be u/15 - 2/(-6). Calculate the highest common divisor of t and 21.
3
Let x(d) = 31*d**2 - 19*d - 60. Let g be x(-5). What is the greatest common factor of 10 and g?
10
Let b(p) be the first derivative of p**3 + p**2/2 - 2*p + 18. Let v be b(2). Calculate the greatest common factor of v and 30.
6
Suppose 3*h - h = 0. Let u = 6 - h. Let w be (-6)/u + (96 - -1). Calculate the greatest common factor of 12 and w.
12
Let h be -2*(-32 - -26 - (-22)/(-4)). What is the highest common factor of 1656 and h?
23
Let r(u) = -29*u - 4. Let o be r(2). Let p be (7 - 1)/(-7 - -9) - o. What is the greatest common factor of p and 26?
13
Suppose 52*w - 30*w - 6314 = 0. Calculate the greatest common divisor of 205 and w.
41
Let c(o) be the second derivative of o**2 + 1/2*o**3 - 5*o + 1/4*o**4 + 0. Let y be c(-2). What is the greatest common divisor of y and 72?
8
Suppose 0*s - 2*s = -j + 17, -j + 3*s + 18 = 0. Let y be (2 - 0)*66*(-2)/(-4). Let p = y + -21. Calculate the highest common divisor of j and p.
15
Suppose 3*f - f = 5*a + 267, -2*f + 55 = -a. Let y = 91 + a. Let k = 92 + 22. Calculate the greatest common factor of y and k.
38
Let b(j) be the second derivative of j**4/6 - 5*j**3/6 - 2*j**2 - j. Suppose 15*w + 4 = 94. Let q be b(w). What is the highest common factor of q and 57?
19
Suppose -4*w = -15 - 65. Suppose -3*b = 3*k - 0*k - 9, 9 = 3*k + 2*b. Let d be 2/(-11) - 3670/(-55)*k. Calculate the highest common factor of w and d.
20
Let x = 7 - 6. Let l(p) = 16*p + 2. Let n be l(x). What is the greatest common divisor of n and 45?
9
Suppose -4*u + 193 - 185 = 0. Suppose -111 = -u*y + 5*r, -2*y + r + 83 + 40 = 0. Calculate the highest common factor of 7 and y.
7
Suppose -3*s = 11*s - 31304. Calculate the highest common factor of 86 and s.
86
Suppose 2*x + 5*p - 34 = 0, -5*x - 56 = -10*x + 2*p. Let c(h) = 48*h**2 - 5*h + 5. Let q be c(1). What is the highest common factor of x and q?
12
Suppose -67 - 66 = -5*c - 2*t, -4*t + 50 = 2*c. Calculate the greatest common divisor of c and 63.
9
Suppose -b + 2*z = -58 - 0, 4*z = -4*b + 184. What is the highest common divisor of b and 25?
25
Let q(l) = l**2 + 26*l + 141. Let u be q(-31). Calculate the greatest common divisor of 24 and u.
8
Let q = -4 - -29. Let z be ((8 - 4)/(40/(-100)))/((-4)/6). Calculate the highest common divisor of q and z.
5
Let g(w) = -w - 5. Let n be g(-8). Suppose -c = n*c - 88. What is the greatest common divisor of 55 and c?
11
Let s = -63 + 103. Let u be (-2)/(-10) + 237/15. Suppose -3*t + t = -u. What is the greatest common divisor of t and s?
8
Let v(x) = 10*x**2 + 3*x + 1. Let m be v(1). Suppose -5*p = -2*p - 210. What is the highest common factor of m and p?
14
Suppose -4*w = 3*j + 8, 6 = j - 5*j - 3*w. Suppose -7*u + 3*u + 8 = j, 2*t = u + 8. What is the greatest common factor of 10 and t?
5
Let r be (-1)/(-11)*350 + (-4)/(-22). Suppose -4*c + 0*c = 0. Suppose -2*i = o - 18, c*i + 4*i = -3*o + r. What is the greatest common divisor of i and 22?
11
Suppose -18 + 66 = 4*h. Let x be (0 - 2) + h/3. Suppose 2*p - p - 4*u = 40, -p = -x*u - 32. Calculate the highest common factor of 16 and p.
8
Let y = -23 - -25. Suppose 4*p + y - 10 = 0. Suppose 0 = 4*x + p - 54. Calculate the greatest common divisor of 13 and x.
13
Suppose 0 = -0*c - 4*c. Suppose c*u + 27 = u - 3*w, 0 = -2*u - 3*w + 9. Let x be 1/(-3)*-44*9. What is the highest common divisor of x and u?
12
Let r be (-38)/19 - (0 - (702 + 2)). Calculate the greatest common divisor of 54 and r.
54
Let g be 1/(45/10 + -4). Let s(k) = 17*k - 4. Let d be s(g). What is the highest common divisor of 15 and d?
15
Let c be 2/8 - 504/(-32). Suppose -c*w = -17*w + 33. What is the greatest common divisor of w and 3?
3
Let x(o) = 124*o - 178. Let f be x(2). Calculate the greatest common divisor of f and 10.
10
Let b = 20 + 37. Suppose 4 = 61*u - b*u. What is the greatest common divisor of 7 and u?
1
Let l = 1375 - 633. What is the greatest common factor of l and 14?
14
Let m(a) be the third derivative of a**6/120 + a**5/6 - 13*a**4/24 + 5*a**3/6 - 11*a**2. Let q be m(-11). Calculate the greatest common factor of q and 3.
3
Let l be (0 + 2 + -1)*117. Let w = 45 - 45. Let u be 13 + (-1 - (w + -3 + 2)). What is the greatest common factor of l and u?
13
Suppose 0 = -4*q - 0*q + 2*g + 204, 5*q - 255 = -3*g. Calculate the highest common factor of 34 and q.
17
Let j be (-6 - (1 - (1 + 3)))/(-1). Suppose -i = 4*y + j, -3*i - y + 0*y = -35. Let u = 233 + -116. What is the greatest common divisor of i and u?
13
Let r = 153 + -43. Let k(q) = -q**3 + 6*q**2 - 2*q + 6. Let i be k(6). Let s be i*(-4)/12 + 8. What is the highest common divisor of s and r?
10
Suppose -114 - 54 = -4*u. Suppose -8*f - 49*f + 3276 = -5*f. Calculate the greatest common divisor of u and f.
21
Let n be (-2 - 0)/((-5)/45). Calculate the greatest common factor of 2 and n.
2
Let z = 8 - 1. Suppose -z*b + 16*b = 1395. Let n(j) = j**3 + 3*j**2 + 4*j - 4. Let h be n(3). Calculate the greatest common divisor of h and b.
31
Let u(v) = v**2 + 8*v - 16. Let c be u(-15). Suppose 0 = 3*o + 4*l - 100, 3*o - 5 - c = 2*l. Calculate the greatest common divisor of 4 and o.
4
Let t be 16/14*(-147)/(-42). Suppose 48 = -t*w + 6*w. Let s be 0/2 + (-168)/(-1). Calculate the highest common factor of s and w.
24
Let p(a) = a**3 - 2*a**2 + a + 42. Let z be p(0). Let m be (-2)/14 + 444/21. What is the greatest common factor of m and z?
21
Let v = -910 + 912. What is the greatest common divisor of 58 and v?
2
Let o(v) = -v**3 + 5*v**2 + 7*v - 3. Let d be o(6). Let t(p) = -8*p - 7 + d + 5*p. Let f be t(-4). Calculate the highest common divisor of 20 and f.
4
Suppose -5*m - 6 - 4 = 0. Let x be m + 6 - -5 - -1. Let v = 11 - x. Calculate the greatest common factor of v and 11.
1
Let s be (3/((-48)/20))/((-4)/16). Suppose -3*x = 2*t - 6, s*t - 32 = t + 4*x. What is the highest common factor of t and 48?
6
Let o = 1009 + -984. Let w be -1 - 0 - -127 - 1. Calculate the highest common factor of o and w.
25
Let j = -3208 + 3271. Let q = 3 + -6. Let x be q/12 + (-169)/(-4). Calculate the highest common factor of x and j.
21
Let x = -89 + 139. What is the highest common factor of x and 240?
10
Suppose 3*d = -3*v + 102, -160 = -7*v + 3*v + 2*d. Let c = v - 55. Let h = 45 + c. What is the greatest common factor of h and 42?
14
Let m = -106 + 106. Let l be (-34)/(-2) + m/(-1). What is the highest common divisor of 153 and l?
17
Let k(t) = t**2 - 10*t + 2. Let d(v) = -4*v**2 + 13*v + v**2 - 2 + 2*v**2. Let f be d(12). Let y be k(f). Calculate the highest common divisor of 1 and y.
1
Let w(z) = 168*z + 16. Let b be w(1). What is the highest common factor of b and 16?
8
Suppose 26 = -2*f + 36. Suppose 5*s + f = -3*i + 195, 4*i + 4*s - 240 = 0. What is the highest common divisor of 44 and i?
11
Suppose -7*n - 3*q = -6*n - 26, -5*n + q + 194 = 0. Calculate the highest common divisor of n and 38.
38
Let r(a) = 0*a - 2*a + 11 - 3 - 5*a. Let f be r(-6). Suppose -w = -5*l + 62, 5*l = -4*w + f + 27. What is the greatest common divisor of l and 13?
13
Suppose -1638 = 30*y - 33*y. What is the greatest common divisor of 21 and y?
21
Suppose 490 = 29*f - 22*f. What is the highest common divisor of f and 224?
14
Suppose 2*j + j - 30 = 0. Suppose -8*u + j = -3*u. Suppose 6*b = 2*b + 24. What is the greatest common divisor of u and b?
2
Let d = 2609 + -2605. Let s = 11 - -1. What is the highest common factor of d and s?
4
Let p(j) = 2*j**2 + 11*j - 16. Let 